base 6.
100015011
Convert -1063725 (base 8) to base 16.
-467d5
-2aaa0 (base 12) to base 5
-3412222
22220012112 (base 3) to base 2
101010110000000101
What is 10101211210 (base 3) in base 12?
328b6
What is -12a9a4 (base 15) in base 3?
-1200112211201
Convert c76 (base 14) to base 11.
1933
What is 1215551 (base 6) in base 4?
33310123
Convert -361314 (base 7) to base 14.
-19b44
-2064025 (base 7) to base 9
-422384
-5203 (base 11) to base 14
-272c
What is -440125023 (base 6) in base 10?
-7849671
What is 4406903 (base 11) in base 7?
122533134
24233300 (base 5) to base 14
5cbb7
Convert -336166 (base 7) to base 4.
-32212003
What is -379470 (base 13) in base 12?
-544236
Convert 12440011 (base 6) to base 14.
a9371
What is 3032220 (base 5) in base 14?
13c44
What is 254631 (base 9) in base 13?
5532a
Convert 18155 (base 9) to base 2.
11000011101100
Convert -533445 (base 7) to base 15.
-1c616
What is -25433 (base 8) in base 9?
-16121
-140612 (base 7) to base 9
-40572
Convert -5401440 (base 6) to base 3.
-111110012020
What is 2017b1 (base 12) in base 2?
1111010001100110101
Convert -433101 (base 8) to base 7.
-1142425
What is 123011220 (base 4) in base 3?
12122012100
What is -221023220 (base 4) in base 6?
-3340532
Convert 1aa640 (base 13) to base 6.
22323511
What is 23302223 (base 5) in base 11?
135987
What is -41425251 (base 6) in base 10?
-1201279
1548012 (base 12) to base 16
42060e
-343452 (base 6) to base 15
-8a5b
What is 1501124 (base 7) in base 12?
98b52
What is 614670 (base 9) in base 2?
1011000111100100000
Convert 101222001 (base 4) to base 16.
11a81
What is 200201010221 (base 3) in base 13?
cb800
-536632 (base 12) to base 10
-1317638
What is 1011012111020 (base 3) in base 13?
186723
Convert 595c6 (base 14) to base 9.
361844
What is -3364641 (base 7) in base 5?
-101410334
Convert 89e15 (base 15) to base 10.
438545
Convert -320211331 (base 4) to base 3.
-102202222101
What is 1a55643 (base 12) in base 11?
3177001
Convert 23c05c (base 14) to base 11.
7665a2
Convert 12064200 (base 7) to base 13.
2b8237
What is -617b1 (base 16) in base 10?
-399281
What is b6c4 (base 14) in base 10?
31532
What is -10ca7 (base 16) in base 5?
-4200100
What is 1cad1b (base 16) in base 7?
21655035
Convert -31221203110 (base 4) to base 8.
-15514324
-10b4a (base 16) to base 6
-1244442
What is 112122021101 (base 3) in base 7?
2310046
Convert -23411201 (base 5) to base 13.
-77682
354a31 (base 12) to base 4
3101213011
Convert -1941c45 (base 15) to base 8.
-106243150
-1112304102 (base 5) to base 3
-11122010122020
-4ac3a (base 15) to base 16
-3a59d
2e4951 (base 15) to base 5
1033234401
What is -50533 (base 16) in base 2?
-1010000010100110011
What is -325783 (base 9) in base 2?
-101111011111111100
b6b18 (base 16) to base 9
1360437
-2706cc7 (base 13) to base 7
-206163613
Convert -3530a (base 12) to base 16.
-1167a
Convert 65c856 (base 15) to base 2.
10010100000100000101100
238043 (base 9) to base 16
23124
110341 (base 8) to base 12
19569
What is -21090b (base 13) in base 2?
-10111100101001000111
Convert -102120111222202 (base 3) to base 11.
-3521617
-345a9 (base 13) to base 11
-65798
3110302330 (base 4) to base 5
210342422
Convert bc30 (base 15) to base 10.
39870
Convert -43c7a (base 14) to base 3.
-22100110021
-165543001 (base 7) to base 15
-eee79d
Convert 4ebea (base 16) to base 8.
1165752
What is -609324 (base 10) in base 11?
-386881
What is -11221120212 (base 3) in base 14?
-276c1
What is -10000100110110111 (base 2) in base 8?
-204667
-25448 (base 9) to base 7
-100646
What is a12220 (base 11) in base 8?
6153655
Convert 2308317 (base 13) to base 11.
60a7421
14052454 (base 7) to base 6
44003121
What is -25200405 (base 7) in base 2?
-1000101001111111011010
Convert -60e8e (base 16) to base 5.
-100200232
What is -634d7 (base 14) in base 13?
-85147
10111110101001010 (base 2) to base 14
27802
1412466 (base 8) to base 11
252566
What is -52d358 (base 15) in base 4?
-33002211212
Convert 22301032 (base 6) to base 2.
10100101001110001100
What is 30300 (base 16) in base 9?
330666
Convert -553ed (base 16) to base 2.
-1010101001111101101
Convert -181cc (base 16) to base 7.
-560641
What is 24058d (base 14) in base 12?
4b4069
-304434 (base 5) to base 15
-2e64
Convert -30102244 (base 5) to base 2.
-111010000100000000
10843824 (base 10) to base 5
10234000244
-1526510 (base 8) to base 11
-279837
289546 (base 10) to base 11
1885a4
6aa13 (base 11) to base 10
102380
391399 (base 10) to base 13
1091c8
Convert 746b8 (base 13) to base 7.
1532616
What is -f878 (base 16) in base 8?
-174170
5904a (base 13) to base 15
332ca
Convert 3516044 (base 9) to base 3.
10120120001111
What is -10010000000000010010 (base 2) in base 7?
-5004441
9365b3 (base 12) to base 16
234ad7
Convert 191934 (base 11) to base 2.
1001000000101101101
13c32 (base 14) to base 13
19428
What is -45459 (base 12) in base 6?
-1550553
What is 14313004 (base 5) in base 9?
250122
12263115 (base 8) to base 15
388d7a
101111100000001101110 (base 2) to base 15
20b32a
Convert -421540451 (base 6) to base 10.
-7369231
What is -1064640 (base 7) in base 6?
-2511113
1587359 (base 10) to base 5
401243414
12d703 (base 15) to base 10
906078
43511151 (base 6) to base 11
808924
What is 1030987 (base 11) in base 3?
10102022000000
44a521 (base 11) to base 12
2a6916
401606 (base 8) to base 15
29184
-91a49 (base 14) to base 6
-11302425
Convert -161ec (base 16) to base 4.
-112013230
Convert 16311622 (base 7) to base 11.
9912a1
149122 (base 12) to base 7
2645054
Convert 2464135 (base 11) to base 4.
100111011033
What is -1526531 (base 8) in base 12?
-1912a1
Convert 1321112210 (base 4) to base 14.
cd204
Convert 5122 (base 7) to base 6.
12124
Convert -9d718 (base 14) to base 8.
-1353532
What is 2922605 (base 11) in base 3?
100110022100121
What is -101001100011100000 (base 2) in base 5?
-20421313
What is 739192 (base 11) in base 7?
13026245
What is 3129745 (base 11) in base 9?
11340110
4152772 (base 8) to base 7
12243530
22222011211 (base 3) to base 2
101011000110100100
What is -2722034 (base 10) in base 16?
-2988f2
-51ac9e (base 15) to base 4
-32310101003
What is -5127703 (base 10) in base 8?
-23437027
378708 (base 10) to base 6
12041140
-1466 (base 15) to base 6
-32123
What is 102d195 (base 15) in base 12?
3a43bab
5567a (base 12) to base 8
335176
Convert 301122405 (base 6) to base 14.
969445
Convert -1758b (base 14) to base 5.
-3334402
Convert -1731360 (base 8) to base 11.
-3150a1
What is -2954a1 (base 14) in base 15?
-1d575c
Convert 44422440 (base 6) to base 13.
37c2c0
Convert -1a4ce (base 15) to base 5.
-10213334
-6023001 (base 8) to base 3
-2222101220120
What is -24662 (base 15) in base 4?
-130113200
Convert 2003001222 (base 4) to base 5.
114133212
What is -9ab649 (base 15) in base 16?
-7098e1
What is -22113102221 (base 4) in base 11?
-1596226
1204017 (base 10) to base 9
2234536
What is 121533503 (base 6) in base 9?
4340723
Convert -122121012122 (base 3) to base 12.
-14858b
What is -20730120 (base 8) in base 15?
-5c95b8
Convert -554375 (base 12) to base 4.
-11022320021
What is -29696 (base 14) in base 10?
-102836
Convert 6a41 (base 11) to base 15.
2b11
363763 (base 8) to base 13
44b1b
What is 2120200010012 (base 3) in base 11?
857339
-15301445 (base 6) to base 13
-15a517
What is -2929330 (base 10) in base 12?
-b9326a
What is -706305 (base 9) in base 12?
-181a65
51593 (base 15) to base 14
69d19
What is -11f935 (base 16) in base 5?
-300143114
Convert -5155142 (base 7) to base 4.
-2113011203
What is 2a7400 (base 13) in base 15?
15961b
-482662 (base 9) to base 12
-120278
What is -260bb34 (base 12) in base 11?
-4253044
Convert -21a45a3 (base 11) to base 15.
-512a85
48746 (base 13) to base 3
20202112012
-263353 (base 9) to base 5
-20104232
Convert -47567 (base 10) to base 9.
-72222
What is -12009f (base 16) in base 2?
-100100000000010011111
Convert -11002112101 (base 3) to base 10.
-80578
What is 420716 (base 9) in base 4?
331000230
What is 3d96f (base 16) in base 3?
110211001101
What is -11110011011100101 (base 2) in base 7?
-1026253
-222322102 (base 4) to base 7
-1331266
What is -6627438 (base 10) in base 5?
-3144034223
Convert -1a9307 (base 13) to base 8.
-2452506
Convert 1142203 (base 5) to base 10.
21553
What is 10333011231 (base 4) in base 6?
44002513
26b7c (base 13) 